 n(6). Suppose 850 = y*p - 0*p. List the prime factors of p.
5, 17
Suppose 5*y + 0*h + 782 = 3*h, 625 = -4*y + 3*h. Let l = -109 - y. List the prime factors of l.
2, 3
Suppose -17944 - 33033 = -19*p. What are the prime factors of p?
2683
Suppose 0 = -162*s + 167*s - 4385. What are the prime factors of s?
877
Suppose 50 = -5*b + 520. Let j = b + -46. Let u = -1 + j. What are the prime factors of u?
47
Let a(q) = q**2 - 12*q + 4. Let g be a(12). Suppose -g*l - 2*x = -4*x + 8, -4*l = -4*x + 16. Suppose l*u - 44 = -2*u. List the prime factors of u.
2, 11
Suppose -10*m = -8*m. Suppose -4*k + 141 = -k - 5*z, 2*k + z - 94 = m. List the prime factors of k.
47
Suppose -4*m - m + 125 = 0. Suppose -2*o = -4*n + 114, 103 - m = 3*n - 3*o. Let s = n + -18. What are the prime factors of s?
13
Suppose -4*i = 4*a - 2 - 18, 4*a + 1 = 3*i. Suppose -94 = -f - i*k, f - 5*k - 49 = 37. List the prime factors of f.
7, 13
Suppose -6*w + 9*w = -12. List the prime factors of w*(36/8)/(-9) + 37.
3, 13
Let l = 1069 + -681. Suppose 7*s + 31 = l. List the prime factors of s.
3, 17
Suppose -3*g - 5*y - 14 = 0, -g + 6*y - 2*y = -18. Suppose g*i = 2*z - 4, -z + 3*i + i = 1. Suppose z*w + 31 = 4*w. List the prime factors of w.
31
Suppose 4*o - 4 = -3*c - 1, 0 = -3*o + c - 1. Suppose o = -13*q + 17*q - 8. Suppose -4*g + 5*b = 11 + q, -b + 14 = 3*g. What are the prime factors of g?
3
Let c(v) = -8*v - 88. Let m be c(0). Let p = m + 158. What are the prime factors of p?
2, 5, 7
Suppose -2*i - 5*u + 49 = -267, i + 3*u - 158 = 0. What are the prime factors of i?
2, 79
Suppose -170135 = -37*r - 51772. List the prime factors of r.
7, 457
What are the prime factors of 979 + (-18)/12*2?
2, 61
Suppose -t - 18 + 7 = -l, 0 = 4*l + 12. List the prime factors of 21/t - (-169)/2.
83
Let x be -1 + -2 + -1 - -7. Suppose 0 = x*s - 2 - 4. List the prime factors of 3 + (0 + 50 - s).
3, 17
Let v(m) = -m**2 - 48*m - 109. What are the prime factors of v(-20)?
11, 41
Let r = -40 - -44. Suppose -5*a - 30 = -i, -i - 2*a = -r*i + 64. What are the prime factors of i?
2, 5
Let y = -693 + 2175. List the prime factors of y.
2, 3, 13, 19
Suppose 6*t - 78 = -0*t. Let b = t + -13. List the prime factors of 2*5 - (b + -2).
2, 3
Let i(s) = s**2 + 7*s + 4. List the prime factors of i(6).
2, 41
Let h(j) = 44*j - 59. List the prime factors of h(5).
7, 23
Let k = 1140 - 758. What are the prime factors of k?
2, 191
Suppose -10202 + 1517 = -15*z. List the prime factors of z.
3, 193
Suppose -2 - 3 = -f. Suppose 0 = -4*m + 2*i + 30, 2*i + 0*i + f = -m. Suppose -59 = -m*c + 121. What are the prime factors of c?
2, 3
Suppose -4*d = -5*a + 27, 3*a = 8*a + 5*d. Let r(x) = 30*x**2 + 6*x - 7. List the prime factors of r(a).
281
Suppose -6*b + 3486 + 3204 = 0. List the prime factors of b.
5, 223
Suppose -4*w - 3*i - 1 = -20, w = -i + 5. Suppose f - w*f = -117. Suppose -2*j - 13 + f = 0. What are the prime factors of j?
13
Let n be (36/8 - 4)*20. Let r(f) = f**2 - 5*f - 3. Let g be r(n). Suppose -b + g = 2*o, -2*b - b + 72 = 3*o. List the prime factors of o.
23
What are the prime factors of (1 + 1855/(-10))*20/(-6)?
3, 5, 41
Let b be 6*(-1)/(-2) - -53. Let c = 31 - b. Let i = c - -49. What are the prime factors of i?
2, 3
Let v = 410 + -333. List the prime factors of v.
7, 11
Let q = 10 + 298. List the prime factors of q.
2, 7, 11
Suppose 2*j + 17 = 3*c, 5*c = 2*c - j + 5. Suppose 0 = -c*m - 2*t + 483 + 235, -5*t - 262 = -m. What are the prime factors of m?
2, 11
Suppose -10704 = -383*c + 375*c. What are the prime factors of c?
2, 3, 223
Suppose -4*f + 4*m + 18 = -f, 0 = f + 3*m - 19. Let t(d) = d**3 - 11*d**2 + 11*d + 23. What are the prime factors of t(f)?
3, 11
Let a(s) = -1189*s - 285. List the prime factors of a(-4).
17, 263
Suppose -600 + 206 = -x. List the prime factors of x.
2, 197
Let t(l) = l**3 - 17*l**2 + 15*l - 1. Let u be t(16). Let s = 32 + u. List the prime factors of s.
3, 5
Let u be (-1)/(-2) - 133/14. Let l be (-1)/3 + (-3)/u. Suppose l = -k + 6 - 0. List the prime factors of k.
2, 3
Let j be ((-69)/12)/((-3)/(-12)). Let s = 29 + j. Suppose -3*c + 168 - s = 0. List the prime factors of c.
2, 3
Let m(v) = 6*v - 4. Let w be m(-2). Let r(t) = -t**3 - 17*t**2 - 20*t + 4. What are the prime factors of r(w)?
2, 17
Let v(m) = m**3 + 1. Let r(n) be the third derivative of -n**6/60 - 2*n**5/15 - n**4/2 + 6*n**2. Let h(z) = -r(z) - 3*v(z). List the prime factors of h(9).
2, 3
What are the prime factors of 274*2/6*3?
2, 137
Let c(u) = -u**3 - u**2 - 2*u - 3. Let y be c(-2). Suppose 174 = 8*b - y*b. What are the prime factors of b?
2, 29
Let k = 6896 + -4864. List the prime factors of k.
2, 127
Let q = -840 + 1476. What are the prime factors of q?
2, 3, 53
Let w = 18 + -15. Suppose -s = 4*n - 217, 0*n - 165 = -w*n - 3*s. List the prime factors of n.
2, 3
Suppose b = 3*l - 3*b - 3, 4*b = 0. Suppose -3*i + 2*t - l = -5, 2*t = 2. List the prime factors of (-2)/((-20)/8 + i).
2
Let c = -3116 - -5313. List the prime factors of c.
13
Suppose 0 = 4*k - 491 - 569. Let z = -2 - -2. Suppose -8*f + k + 119 = z. What are the prime factors of f?
2, 3
Let k be (-10)/(-3)*(45 - -15). Let v = -120 + k. What are the prime factors of v?
2, 5
Let f(c) = -2*c**2 + 4*c. Let h be f(2). Suppose 3*u + 66 - 257 = 5*j, -4*u + 4*j + 260 = h. What are the prime factors of u?
67
Let m(y) = -4*y**2 - 42*y - 15. Let v(d) = -3*d**2 - 28*d - 10. Let z(c) = -5*m(c) + 7*v(c). Suppose 34 = -7*k + 132. What are the prime factors of z(k)?
5
Suppose 3*m - 4*v + 6 = 0, m + 4*v + 1 = 5*v. Let r(d) = 12*d**m + 23*d**3 - 11*d + 7 - 24*d**3 + d. List the prime factors of r(11).
2, 3
Let l(t) = 55*t - 278. What are the prime factors of l(15)?
547
List the prime factors of (1 + -2)/((14 + -4)/(-14650)).
5, 293
Suppose 9*a = 12*a - 1332. Suppose a + 573 = 9*d. What are the prime factors of d?
113
Let a(u) = -2*u**3 - 11*u**2 + 3*u**3 + 2*u**2 + 8*u + 5. Let c be a(8). Let o(q) = -q**3 + 6*q**2 - 3*q + 4. What are the prime factors of o(c)?
2, 7
Suppose 0 = -12*j - 5 + 5. Suppose j = -5*b - 0*b - 15, 203 = 5*q - b. What are the prime factors of q?
2, 5
Let p = -20 - -54. Suppose 0 = -3*t + p + 11. Suppose 8*i + 2*d = 3*i + t, 12 = 4*i - 5*d. What are the prime factors of i?
3
What are the prime factors of (-2 - 13)*(-369)/15?
3, 41
Let w(l) = -9*l + 8. Suppose 4*x - 22 - 14 = 0. Suppose 4*m + x = m. List the prime factors of w(m).
5, 7
Let c(l) = -l**2 + 6*l - 3. Let i be c(6). List the prime factors of (133 + -3)/2 + i.
2, 31
List the prime factors of (10/(550/(-5093)))/((-1)/5).
463
Let n be 2/(-7) + (-172)/(-14). Let p be 66/(-8) - (-3)/n. List the prime factors of (p/(-6))/(16/168).
2, 7
Let s(i) = -i**2 - 7*i**2 + 7*i**2 - 39 + 31*i. What are the prime factors of s(25)?
3, 37
Let m = 44 + -21. Suppose -18*f = -m*f + 960. Suppose -5*a = -2*a - f. List the prime factors of a.
2
What are the prime factors of (-2)/((35/(-7))/190)?
2, 19
Let q = -140 - -145. Suppose 2*p = p + 2*v + 182, 3*p = q*v + 543. List the prime factors of p.
2, 11
Let n = 33 + 573. List the prime factors of n.
2, 3, 101
Suppose 36402 = 40*p - 16038. List the prime factors of p.
3, 19, 23
Let r(a) = -a**3 - 2*a**2 + a - 14. Let b be r(-6). Let d = b - 75. List the prime factors of d.
7
Suppose 18*i - 2312 = 4780. What are the prime factors of i?
2, 197
Suppose -b - 15*t = -13*t - 1567, -2*t = -3*b + 4709. List the prime factors of b.
3, 523
Suppose 0*v - 2*i = -2*v + 2154, -v + 2*i + 1073 = 0. List the prime factors of v.
23, 47
Suppose -5*m + 2320 = -5*o, -2*m + 918 = -8*o + 4*o. List the prime factors of m.
7, 67
Let f be 4/(-5)*(-6 + 21). Let l be 6/(-15) - f/5. Suppose -l*h + 37 = -21. List the prime factors of h.
29
Suppose -3*k + 5*h - 19 = 0, -9 = -2*k + 4*h - 5*h. Suppose -2*f - 4*z + 124 = 0, k*f - 5*z - 186 = -f. List the prime factors of f.
2, 31
Let l = -846 - -1487. List the prime factors of l.
641
Suppose 5*x = -4*j - 106, 4*j + 3*x = 10 - 120. Let f = -106 - j. What are the prime factors of (-3982)/f - (-4)/14?
2, 13
Let l(m) = 12*m**2 - 14*m - 43. List the prime factors of l(-7).
643
Suppose 0 = t + 2*x - 95, 0*x = 3*t - 3*x - 285. List the prime factors of t.
5, 19
Let d(w) = 574*w**3 - 4*w + 4. Let g be d(1). Suppose -2*p - g = -9*p. What are the prime factors of p?
2, 41
L